s divided by 4?
2
Let s(z) = -7*z - 2. What is the remainder when s(-7) is divided by 12?
11
Let q be ((-15)/(-6))/((-1)/8). What is the remainder when (q/50)/(2/(-200)) is divided by 5*3*(-14)/(-15)?
12
Suppose 5*u - 4 - 13 = -4*k, 0 = 3*u - k - 17. Suppose -4 = j + 3*j - 4*s, j = u*s + 3. What is the remainder when ((-3)/j)/(9/60) is divided by 6?
4
Let f = 21 + 30. What is the remainder when f is divided by 26?
25
What is the remainder when 29 is divided by (-81)/324 + 3/(12/85)?
8
Let s(h) = -1 + 10*h - 16*h - 19*h. Let w be s(-6). Suppose -w = -5*a - 34. What is the remainder when a is divided by 8?
7
Let b = 124 - 65. Calculate the remainder when b is divided by 10.
9
Let k = 67 + -60. What is the remainder when 11 is divided by k?
4
Let w(b) = b**3 + 7*b**2 - 9*b - 1. Suppose -m = 4*m - 10, 5*i - 105 = -5*m. What is the remainder when i is divided by w(-8)?
5
Suppose 0 = -2*v - 3*k + 83, 3*v - 4*k = -8*k + 122. Calculate the remainder when v is divided by ((-3)/(-2))/(1/6).
7
Suppose 43 = 7*i - 6. Let y = 65 - 101. Let f = -17 - y. What is the remainder when f is divided by i?
5
Let g = -44 + 69. What is the remainder when g is divided by 14?
11
Let m(t) be the second derivative of t**4/4 - 9*t**2/2 - 6*t. Calculate the remainder when m(4) is divided by 14.
11
Let c be (-50)/1*8/(-10). Let a = c - 25. What is the remainder when 59 is divided by a?
14
What is the remainder when 869/33 + (-16)/(-6) + -2 is divided by 6?
3
Calculate the remainder when (-16 + 13)/(6/(-22)) is divided by 8.
3
Suppose -4*y + 8 + 92 = 0. Let x = y + -11. What is the remainder when 2/(-6) + (-372)/(-9) is divided by x?
13
Let v(a) be the first derivative of -a**2/2 + a - 1. Let k be v(-3). Suppose -f = -0*f - k. Calculate the remainder when 11 is divided by f.
3
Calculate the remainder when ((-412)/(-12) - -1)*(-6)/(-4) is divided by 14.
11
Let w(a) = -a**3 + a**2 - a + 28. Let x = 7 + -7. Let k be w(x). Suppose 184 = 4*t + k. Calculate the remainder when t is divided by 14.
11
Suppose r + 18 = 4*r. Suppose 0*m = -m + r. What is the remainder when 22 is divided by m?
4
Suppose 5*p - 39 = 2*p. What is the remainder when 20 is divided by p?
7
Suppose u = -9 + 21. What is the remainder when u is divided by 5?
2
Suppose -3*k + p + 3 = -0*k, -13 = k - 5*p. Suppose -3*n + 13 = -2, 3*i + 2*n - 13 = 0. Calculate the remainder when k is divided by i.
0
What is the remainder when 109 is divided by -5 + (10/5 - -19)?
13
Suppose 0 = -z + 3*l - 11, 4*z - 4*l = 6*z - 28. Let p = z + 2. Calculate the remainder when 10 is divided by p.
4
Suppose -w + 2*o + 8 = 0, 5*w + 4*o = -0*o - 2. Let f(d) = -2*d + 17. Let i be f(5). Suppose i = w*l - 15. What is the remainder when 31 is divided by l?
9
Let k = 11 - 15. What is the remainder when (k + -1 + -18)*-1 is divided by 8?
7
Suppose 2*p - 3*h = 3 - 16, h = p + 4. Suppose 3*j - 4 = -1. What is the remainder when p is divided by j?
0
Calculate the remainder when (-12)/(-21) - 1185/(-21) is divided by 20.
17
Suppose -2*d - 64 = -4*d. Calculate the remainder when d is divided by (-1)/4 - 138/(-8).
15
Let o be -12 + -2 + -1 + 5. Let z = o + 13. Calculate the remainder when (-8)/(-1) + 0 + -1 is divided by z.
1
Let k = 26 - 10. What is the remainder when 30 is divided by k?
14
Suppose 137 = 5*s + 3*z, z + 78 = 5*s - 43. Calculate the remainder when 98 is divided by s.
23
Let v = -7 + 33. What is the remainder when 51 is divided by v?
25
Let c = 53 + -9. Let v = 19 + -42. Let n = v + c. Calculate the remainder when n is divided by 11.
10
Let w(y) = -y + 20. What is the remainder when 23 is divided by w(8)?
11
Let s = 39 - 65. Let g = s + 38. Calculate the remainder when ((-85)/20)/(2/(-16)) is divided by g.
10
Let o(t) = -32*t**3 - 2*t**2 + 1. Calculate the remainder when o(-1) is divided by 18.
13
Suppose -c + 36 = -9. What is the remainder when c is divided by 12?
9
Suppose w + 464 = 5*w. Let c = -62 - -132. Let a = w - c. Calculate the remainder when a is divided by 16.
14
Let x = -5 + 10. Let o(q) = -q**3 + 6*q**2 - 2*q + 1. Let t(w) = 2*w**2 - 2*w + 5. Calculate the remainder when t(4) is divided by o(x).
13
Let b = 18 - 14. Suppose 60 = -b*k + 216. Calculate the remainder when k is divided by 10.
9
Let k(n) = 11*n - 4. Let j = 66 + -53. Calculate the remainder when k(5) is divided by j.
12
Suppose -4*z - h + 212 = 0, -170 = -5*z - 5*h + 95. Calculate the remainder when z is divided by 14.
11
Suppose -3*s + 0*s = -78. Calculate the remainder when 24 is divided by (s/(-4))/((-5)/10).
11
What is the remainder when (-115)/(-5) - 8 - (-8 + 2) is divided by (-8)/(1 - (-5)/(-3))?
9
What is the remainder when (0 + -8)*(-4)/8 is divided by 60/40 - (14/(-4) - -2)?
1
Let b(o) = -o**2 + 7*o - 9. Suppose -2*f + 11 = 3. Calculate the remainder when b(4) is divided by 2/(-4)*f/(-2).
0
Let j(o) = -2*o**2 - 19*o - 7. What is the remainder when 65 is divided by j(-8)?
14
Let s = 6 - 1. Suppose 0 = -2*g + s - 1. What is the remainder when 15 is divided by (1 - 0/g) + 3?
3
Suppose -4*y = -16, 0 = 2*a - 7*a + 3*y + 63. Suppose -2*t + 4*v = -4*t + 128, -2*t - v = -119. Calculate the remainder when t is divided by a.
13
Suppose 2*o + o - 42 = 0. Suppose 0 = -j + 2*j - 41. Let p = j - 14. Calculate the remainder when p is divided by o.
13
Suppose q + y = 15, 0 = -2*y + 7*y - 15. What is the remainder when 66/4*2/1 is divided by q?
9
Suppose -2*w - 606 = -4*g, g - 3*w - 162 = w. Suppose o = -o + g. Let a = o + -46. Calculate the remainder when a is divided by 10.
9
Suppose n = 2*o + 9, -o - 6*n + n = 32. Let b = o + 8. Let r(a) = -a + 5. What is the remainder when r(4) is divided by b?
0
Let u(i) = -5*i. Let c be u(-1). Suppose 30 = 2*g - b + 3*b, -c*b = g - 11. What is the remainder when g is divided by 6?
4
Let r = -1 + 5. Suppose -4*i - r = -3*i. Let w = i + 8. What is the remainder when 7 is divided by w?
3
Let y(r) be the first derivative of 0*r**2 - 4 - 3*r + 2/3*r**3. What is the remainder when 58 is divided by y(-3)?
13
Suppose 4*v - 2*v - 8 = 0. Calculate the remainder when 1/v + 54/8 is divided by (-42)/(-10) + 8/(-40).
3
Let p(x) = -3*x - 1. Let o be p(-2). Suppose 3*h = o*h + 4. What is the remainder when 37 is divided by -2*h/4*13?
11
Let r(w) = w**2 + 2*w + 2. Let t be r(-2). Calculate the remainder when 40*(-4 - -3)/(-2) is divided by t/(-10) + (-56)/(-5).
9
Let t be 1/(-1 - 1)*-4. Suppose 1 = 3*p + 2*s - 6, 0 = p + t*s - 1. Suppose -q - 2*r = -19, 50 = 4*q - p*r - 2*r. What is the remainder when 42 is divided by q?
12
Let g(b) = -12*b + 4. Let r be g(-3). Suppose -2*q = -4*q + r. What is the remainder when 38 is divided by q?
18
Let l(q) = 4*q**2 - 3*q + 6. What is the remainder when l(4) is divided by 15?
13
Calculate the remainder when (72/20)/3*(11 + -1) is divided by 4.
0
Let f(h) = h**2 + 3*h + 4. Suppose 0 = 5*z - 10, 51 = 4*p - 5*p - z. Let k = -31 - p. Calculate the remainder when k is divided by f(-4).
6
Suppose 0*j + 5*j = -5. Let u = -3 - j. Calculate the remainder when 9 is divided by u - 2/(-4)*14.
4
Let g(c) = -c**3 - 6*c**2 + 7*c + 2. Let b = 7 + 0. What is the remainder when b is divided by g(-7)?
1
Suppose -o - 1 = -3*g + 4*g, -2*g = -4*o + 26. Let j(t) = 13*t - 3. Suppose 0 = -2*r + 24 + 10. What is the remainder when j(o) is divided by r?
15
Let b be (-240)/50*(-20)/6. What is the remainder when 4/b + (-46)/(-8) is divided by 4?
2
Let j be ((-20)/12)/(2/(-24)). Let m = j - 3. What is the remainder when m is divided by 5?
2
Let i(u) = -u**3 + 7*u**2 + 2*u + 3. Calculate the remainder when 65 is divided by i(7).
14
Suppose -5*t - 69 = c, 5*c + 2*t + 437 = -0*t. Let n = 139 + c. Calculate the remainder when n is divided by 17.
16
Suppose -k - 3*t - 5 - 16 = 0, -k + 5*t + 11 = 0. Calculate the remainder when 37 is divided by (-92)/k + (-6)/27.
7
Let y = 23 - 13. What is the remainder when ((-3)/(-18)*-3)/((-3)/114) is divided by y?
9
Let y(o) = 37*o. Suppose -2*s - 4*z = 3*s - 5, z + 2 = 2*s. Calculate the remainder when y(s) is divided by 13.
11
Let g = -3 + 5. What is the remainder when (20/(-6) + g)*-12 is divided by 9?
7
Suppose 18 = 40*n - 37*n. What is the remainder when 9 is divided by n?
3
Let s = -6 - -11. Suppose s*x - 84 - 36 = 0. What is the remainder when 47 is divided by x?
23
Suppose 3*y - 30 - 21 = 0. Let 